{"id":18,"date":"2025-06-09T02:38:36","date_gmt":"2025-06-08T19:38:36","guid":{"rendered":"https:\/\/doc.bizhome.io.vn\/?page_id=18"},"modified":"2025-06-09T03:42:21","modified_gmt":"2025-06-08T20:42:21","slug":"tai-lieu-huong-dan","status":"publish","type":"page","link":"https:\/\/doc.bizhome.io.vn\/","title":{"rendered":"T\u00e0i li\u1ec7u h\u01b0\u1edbng d\u1eabn"},"content":{"rendered":"\n<div class=\"wp-block-columns is-layout-flex wp-container-core-columns-is-layout-28f84493 wp-block-columns-is-layout-flex\">\n<div class=\"wp-block-column is-layout-flow wp-block-column-is-layout-flow\" style=\"flex-basis:20%\"><\/div>\n\n\n\n<div class=\"wp-block-column is-layout-flow wp-block-column-is-layout-flow\" style=\"flex-basis:60%\"><div class=\"betterdocs-live-search\">\n\t\n\t<form class=\"betterdocs-searchform betterdocs-advance-searchform\">\n\t\t<div class=\"betterdocs-searchform-input-wrap\">\n\t\t\t<svg class=\"docs-search-icon\" xmlns=\"http:\/\/www.w3.org\/2000\/svg\" xmlns:xlink=\"http:\/\/www.w3.org\/1999\/xlink\" width=\"38px\" viewBox=\"0 0 50 50\" version=\"1.1\">\n\t\t\t\t<g id=\"surface1\">\n\t\t\t\t\t<path d=\"M 21 3 C 11.601563 3 4 10.601563 4 20 C 4 29.398438 11.601563 37 21 37 C 24.355469 37 27.460938 36.015625 30.09375 34.34375 L 42.375 46.625 L 46.625 42.375 L 34.5 30.28125 C 36.679688 27.421875 38 23.878906 38 20 C 38 10.601563 30.398438 3 21 3 Z M 21 7 C 28.199219 7 34 12.800781 34 20 C 34 27.199219 28.199219 33 21 33 C 13.800781 33 8 27.199219 8 20 C 8 12.800781 13.800781 7 21 7 Z \"><\/path>\n\t\t\t\t<\/g>\n\t\t\t<\/svg>\n\t\t\t<input type=\"text\" class=\"betterdocs-search-field\" name=\"s\" aria-label=\"\u00d4 t\u00ecm ki\u1ebfm\" placeholder=\"T\u00ecm ki\u1ebfm\" autocomplete=\"off\" value=\"\">\n\t\t\t<svg class=\"docs-search-loader\" width=\"38\" height=\"38\" viewBox=\"0 0 38 38\" xmlns=\"http:\/\/www.w3.org\/2000\/svg\" stroke=\"#444b54\">\n\t\t\t\t<g fill=\"none\" fill-rule=\"evenodd\">\n\t\t\t\t\t<g transform=\"translate(1 1)\" stroke-width=\"2\">\n\t\t\t\t\t\t<circle stroke-opacity=\".5\" cx=\"18\" cy=\"18\" r=\"18\" \/>\n\t\t\t\t\t\t<path d=\"M36 18c0-9.94-8.06-18-18-18\">\n\t\t\t\t\t\t\t<animateTransform attributeName=\"transform\" type=\"rotate\" from=\"0 18 18\" to=\"360 18 18\" dur=\"1s\" repeatCount=\"indefinite\" \/>\n\t\t\t\t\t\t<\/path>\n\t\t\t\t\t<\/g>\n\t\t\t\t<\/g>\n\t\t\t<\/svg>\n\t\t\t<svg class=\"docs-search-close\" xmlns=\"http:\/\/www.w3.org\/2000\/svg\" width=\"38px\" viewBox=\"0 0 128 128\">\n\t\t\t\t<path fill=\"#fff\" d=\"M64 14A50 50 0 1 0 64 114A50 50 0 1 0 64 14Z\" transform=\"rotate(-45.001 64 64.001)\"><\/path>\n\t\t\t\t<path class=\"close-border\" d=\"M64,117c-14.2,0-27.5-5.5-37.5-15.5c-20.7-20.7-20.7-54.3,0-75C36.5,16.5,49.8,11,64,11c14.2,0,27.5,5.5,37.5,15.5c10,10,15.5,23.3,15.5,37.5s-5.5,27.5-15.5,37.5C91.5,111.5,78.2,117,64,117z M64,17c-12.6,0-24.4,4.9-33.2,13.8c-18.3,18.3-18.3,48.1,0,66.5C39.6,106.1,51.4,111,64,111c12.6,0,24.4-4.9,33.2-13.8S111,76.6,111,64s-4.9-24.4-13.8-33.2S76.6,17,64,17z\"><\/path>\n\t\t\t\t<path class=\"close-line\" d=\"M53.4,77.6c-0.8,0-1.5-0.3-2.1-0.9c-1.2-1.2-1.2-3.1,0-4.2l21.2-21.2c1.2-1.2,3.1-1.2,4.2,0c1.2,1.2,1.2,3.1,0,4.2L55.5,76.7C54.9,77.3,54.2,77.6,53.4,77.6z\"><\/path>\n\t\t\t\t<path class=\"close-line\" d=\"M74.6,77.6c-0.8,0-1.5-0.3-2.1-0.9L51.3,55.5c-1.2-1.2-1.2-3.1,0-4.2c1.2-1.2,3.1-1.2,4.2,0l21.2,21.2c1.2,1.2,1.2,3.1,0,4.2C76.1,77.3,75.4,77.6,74.6,77.6z\"><\/path>\n\t\t\t<\/svg>\n\t\t<\/div>\n\n\t\t\t\t<input type=\"hidden\" value=\"Search\" aria-label=\"Search Submit\" class=\"betterdocs-search-submit\" \/>\n\t<\/form>\n\n\t<\/div>\n\n<\/div>\n\n\n\n<div class=\"wp-block-column is-layout-flow wp-block-column-is-layout-flow\" style=\"flex-basis:20%\"><\/div>\n<\/div>\n\n\n\n<div\n\tclass=\"betterdocs-category-grid-wrapper betterdocs-blocks-grid betterdocs-blocks betterdocs-categorygrid-zlc2xa1\">\n\t<div\n\t\tclass=\"betterdocs-category-grid-inner-wrapper layout-flex layout-1 grid betterdocs-column-3 betterdocs-column-tablet-2 betterdocs-column-mobile-1\" data-column_desktop=\"3\" data-column_tab=\"2\" data-column_mobile=\"1\" data-column_space_desktop=\"10\" data-colomn_space_tab=\"10\" data-colomn_space_mobile=\"10\">\n\t\t\n<article\n\tdata-id=\"9\" class=\"betterdocs-single-category-wrapper category-grid default\">\n\t<div class=\"betterdocs-single-category-inner\">\n\t\t\n<div class=\"betterdocs-category-header\">\n\t<div class=\"betterdocs-category-header-inner\">\n\t\t\n<div class=\"betterdocs-category-icon\">\n\t<img decoding=\"async\" alt=\"betterdocs-category-icon\" class=\"betterdocs-category-icon-img\" src=\"https:\/\/doc.bizhome.io.vn\/wp-content\/plugins\/betterdocs\/assets\/admin\/images\/betterdocs-cat-icon.svg?v=3.9.2\" \/><\/div>\n<h2 class=\"betterdocs-category-title\">Gi\u1edbi thi\u1ec7u BizHome AI<\/h2>\n<div data-count=\"5\" class=\"betterdocs-category-items-counts\">\n\t<span>\n\t\t 5 \t<\/span>\n<\/div>\n\t<\/div>\n<\/div>\n<div class=\"betterdocs-body\">\n<ul class=\"betterdocs-articles-list\">\n\t<li><i class=\"far fa-file-alt\"><\/i><a href=\"https:\/\/doc.bizhome.io.vn\/?docs=1-1-bizhome-ai-la-gi\"><span>1.1. BizHome AI l\u00e0 g\u00ec?<\/span> <\/a><\/li><li><i class=\"far fa-file-alt\"><\/i><a href=\"https:\/\/doc.bizhome.io.vn\/?docs=1-2-bizhome-danh-cho-ai\"><span>1.2. BizHome d\u00e0nh cho ai?<\/span> <\/a><\/li><li><i class=\"far fa-file-alt\"><\/i><a href=\"https:\/\/doc.bizhome.io.vn\/?docs=1-3-ban-nhan-duoc-gi-khi-dung-bizhome-ai\"><span>1.3. B\u1ea1n nh\u1eadn \u0111\u01b0\u1ee3c g\u00ec khi d\u00f9ng BizHome AI?<\/span> <\/a><\/li><li><i class=\"far fa-file-alt\"><\/i><a href=\"https:\/\/doc.bizhome.io.vn\/?docs=1-4-tai-sao-nen-bat-dau-ngay-hom-nay\"><span>1.4. T\u1ea1i sao n\u00ean b\u1eaft \u0111\u1ea7u ngay h\u00f4m nay?<\/span> <\/a><\/li><li><i class=\"far fa-file-alt\"><\/i><a href=\"https:\/\/doc.bizhome.io.vn\/?docs=1-5-so-do-tong-quan-cac-buoc-su-dung\"><span>1.5. S\u01a1 \u0111\u1ed3 t\u1ed5ng quan c\u00e1c b\u01b0\u1edbc s\u1eed d\u1ee5ng<\/span> <\/a><\/li><\/ul>\n<\/div>\t<\/div>\n<\/article>\n\n<article\n\tdata-id=\"8\" class=\"betterdocs-single-category-wrapper category-grid default\">\n\t<div class=\"betterdocs-single-category-inner\">\n\t\t\n<div class=\"betterdocs-category-header\">\n\t<div class=\"betterdocs-category-header-inner\">\n\t\t\n<div class=\"betterdocs-category-icon\">\n\t<img decoding=\"async\" alt=\"betterdocs-category-icon\" class=\"betterdocs-category-icon-img\" src=\"https:\/\/doc.bizhome.io.vn\/wp-content\/plugins\/betterdocs\/assets\/admin\/images\/betterdocs-cat-icon.svg?v=3.9.2\" \/><\/div>\n<h2 class=\"betterdocs-category-title\">Gi\u1ea3i ph\u00e1p Marketing &#8211; T\u00ecm ki\u1ebfm ch\u0103m s\u00f3c kh\u00e1ch h\u00e0ng<\/h2>\n<div data-count=\"10\" class=\"betterdocs-category-items-counts\">\n\t<span>\n\t\t 10 \t<\/span>\n<\/div>\n\t<\/div>\n<\/div>\n<div class=\"betterdocs-body\">\n<ul class=\"betterdocs-articles-list\">\n\t<li><i class=\"far fa-file-alt\"><\/i><a href=\"https:\/\/doc.bizhome.io.vn\/?docs=2-1-quan-ly-khach-hang-theo-tung-giai-doan\"><span>2.1 \u2013 Qu\u1ea3n l\u00fd kh\u00e1ch h\u00e0ng theo t\u1eebng giai \u0111o\u1ea1n<\/span> <\/a><\/li><li><i class=\"far fa-file-alt\"><\/i><a href=\"https:\/\/doc.bizhome.io.vn\/?docs=2-2-gui-tin-nhan-email-tu-dong-cho-khach-hang\"><span>2.2. G\u1eedi tin nh\u1eafn &amp; email t\u1ef1 \u0111\u1ed9ng cho kh\u00e1ch h\u00e0ng<\/span> <\/a><\/li><li><i class=\"far fa-file-alt\"><\/i><a href=\"https:\/\/doc.bizhome.io.vn\/?docs=2-3-goi-y-khach-can-goi-nhac-nho-thong-minh\"><span>2.3 \u2013 G\u1ee3i \u00fd kh\u00e1ch c\u1ea7n g\u1ecdi \u2013 nh\u1eafc nh\u1edf th\u00f4ng minh<\/span> <\/a><\/li><li><i class=\"far fa-file-alt\"><\/i><a href=\"https:\/\/doc.bizhome.io.vn\/?docs=2-4-luu-lich-su-tu-van-khong-so-quen-khach\"><span>2.4 \u2013 L\u01b0u l\u1ecbch s\u1eed t\u01b0 v\u1ea5n \u2013 kh\u00f4ng s\u1ee3 qu\u00ean kh\u00e1ch<\/span> <\/a><\/li><li><i class=\"far fa-file-alt\"><\/i><a href=\"https:\/\/doc.bizhome.io.vn\/?docs=2-5-gan-nhan-phan-loai-khach-cham-dung-nhom-trung-nhu-cau\"><span>2.5 \u2013 G\u1eafn nh\u00e3n &amp; ph\u00e2n lo\u1ea1i kh\u00e1ch \u2013 ch\u0103m \u0111\u00fang nh\u00f3m, tr\u00fang nhu c\u1ea7u<\/span> <\/a><\/li><\/ul>\n<\/div>\n<div class=\"betterdocs-footer\">\n\t\n<a class=\"docs-cat-link-btn betterdocs-category-link-btn\" href=\"https:\/\/doc.bizhome.io.vn\/?doc_category=giai-phap-marketing-tim-kiem-cham-soc-khach-hang\">\n\tKh\u00e1m ph\u00e1 th\u00eam<i class=\"fas fa-angle-right\"><\/i><\/a>\n<\/div>\n\t<\/div>\n<\/article>\n\n<article\n\tdata-id=\"7\" class=\"betterdocs-single-category-wrapper category-grid default\">\n\t<div class=\"betterdocs-single-category-inner\">\n\t\t\n<div class=\"betterdocs-category-header\">\n\t<div class=\"betterdocs-category-header-inner\">\n\t\t\n<div class=\"betterdocs-category-icon\">\n\t<img decoding=\"async\" alt=\"betterdocs-category-icon\" class=\"betterdocs-category-icon-img\" src=\"https:\/\/doc.bizhome.io.vn\/wp-content\/plugins\/betterdocs\/assets\/admin\/images\/betterdocs-cat-icon.svg?v=3.9.2\" \/><\/div>\n<h2 class=\"betterdocs-category-title\">Gi\u1ea3i ph\u00e1p Qu\u1ea3n tr\u1ecb v\u1eadn h\u00e0nh &#8211; B\u00e1n h\u00e0ng v\u00e0 Qu\u1ea3n l\u00fd \u0111\u1ed9i nh\u00f3m<\/h2>\n<div data-count=\"6\" class=\"betterdocs-category-items-counts\">\n\t<span>\n\t\t 6 \t<\/span>\n<\/div>\n\t<\/div>\n<\/div>\n<div class=\"betterdocs-body\">\n<ul class=\"betterdocs-articles-list\">\n\t<li><i class=\"far fa-file-alt\"><\/i><a href=\"https:\/\/doc.bizhome.io.vn\/?docs=3-1-giao-dien-quan-tri-danh-cho-moi-gioi-san-giao-dich\"><span>3.1 \u2013 Giao di\u1ec7n qu\u1ea3n tr\u1ecb d\u00e0nh cho m\u00f4i gi\u1edbi &amp; s\u00e0n giao d\u1ecbch<\/span> <\/a><\/li><li><i class=\"far fa-file-alt\"><\/i><a href=\"https:\/\/doc.bizhome.io.vn\/?docs=3-2-giao-viec-theo-doi-danh-gia-hieu-suat-doi-nhom\"><span>3.2 \u2013 Giao vi\u1ec7c, theo d\u00f5i &amp; \u0111\u00e1nh gi\u00e1 hi\u1ec7u su\u1ea5t \u0111\u1ed9i nh\u00f3m<\/span> <\/a><\/li><li><i class=\"far fa-file-alt\"><\/i><a href=\"https:\/\/doc.bizhome.io.vn\/?docs=3-3-quan-ly-san-pham-phan-phoi-cho-doi-nhom\"><span>3.3 \u2013 Qu\u1ea3n l\u00fd s\u1ea3n ph\u1ea9m &amp; ph\u00e2n ph\u1ed1i cho \u0111\u1ed9i nh\u00f3m<\/span> <\/a><\/li><li><i class=\"far fa-file-alt\"><\/i><a href=\"https:\/\/doc.bizhome.io.vn\/?docs=3-4-quan-ly-quyen-truy-cap-bao-mat-du-lieu-theo-vai-tro\"><span>3.4 \u2013 Qu\u1ea3n l\u00fd quy\u1ec1n truy c\u1eadp &amp; b\u1ea3o m\u1eadt d\u1eef li\u1ec7u theo vai tr\u00f2<\/span> <\/a><\/li><li><i class=\"far fa-file-alt\"><\/i><a href=\"https:\/\/doc.bizhome.io.vn\/?docs=3-5-quan-ly-khach-hang-san-pham-giao-dich-theo-khu-vuc\"><span>3.5 \u2013 Qu\u1ea3n l\u00fd kh\u00e1ch h\u00e0ng, s\u1ea3n ph\u1ea9m &amp; giao d\u1ecbch theo khu v\u1ef1c<\/span> <\/a><\/li><\/ul>\n<\/div>\n<div class=\"betterdocs-footer\">\n\t\n<a class=\"docs-cat-link-btn betterdocs-category-link-btn\" href=\"https:\/\/doc.bizhome.io.vn\/?doc_category=giai-phap-quan-tri-van-hanh-ban-hang-va-quan-ly-doi-nhom\">\n\tKh\u00e1m ph\u00e1 th\u00eam<i class=\"fas fa-angle-right\"><\/i><\/a>\n<\/div>\n\t<\/div>\n<\/article>\n\t<\/div>\n\t\t<div class=\"clearfix\"><\/div>\n\t<\/div>\n","protected":false},"excerpt":{"rendered":"","protected":false},"author":1,"featured_media":0,"parent":0,"menu_order":0,"comment_status":"closed","ping_status":"closed","template":"","meta":{"footnotes":""},"class_list":["post-18","page","type-page","status-publish","hentry"],"_links":{"self":[{"href":"https:\/\/doc.bizhome.io.vn\/index.php?rest_route=\/wp\/v2\/pages\/18","targetHints":{"allow":["GET"]}}],"collection":[{"href":"https:\/\/doc.bizhome.io.vn\/index.php?rest_route=\/wp\/v2\/pages"}],"about":[{"href":"https:\/\/doc.bizhome.io.vn\/index.php?rest_route=\/wp\/v2\/types\/page"}],"author":[{"embeddable":true,"href":"https:\/\/doc.bizhome.io.vn\/index.php?rest_route=\/wp\/v2\/users\/1"}],"replies":[{"embeddable":true,"href":"https:\/\/doc.bizhome.io.vn\/index.php?rest_route=%2Fwp%2Fv2%2Fcomments&post=18"}],"version-history":[{"count":6,"href":"https:\/\/doc.bizhome.io.vn\/index.php?rest_route=\/wp\/v2\/pages\/18\/revisions"}],"predecessor-version":[{"id":90,"href":"https:\/\/doc.bizhome.io.vn\/index.php?rest_route=\/wp\/v2\/pages\/18\/revisions\/90"}],"wp:attachment":[{"href":"https:\/\/doc.bizhome.io.vn\/index.php?rest_route=%2Fwp%2Fv2%2Fmedia&parent=18"}],"curies":[{"name":"wp","href":"https:\/\/api.w.org\/{rel}","templated":true}]}}